{"id":794,"date":"2014-05-07T19:30:17","date_gmt":"2014-05-07T19:30:17","guid":{"rendered":"http:\/\/www.alumniespana.es\/nueva\/?page_id=794"},"modified":"2014-05-12T22:33:34","modified_gmt":"2014-05-12T22:33:34","slug":"jornadas-formativas","status":"publish","type":"page","link":"https:\/\/www.alumniespana.es\/nueva\/alumni-espana\/jornadas-formativas\/","title":{"rendered":"Jornadas Formativas"},"content":{"rendered":"<p style=\"text-align: justify;\"><span style=\"color: #000000;\">Las Jornadas Formativas de Asociaciones de Antiguos Alumnos y Amigos de las Universidades Espa\u00f1olas que peri\u00f3dicamente organiza Alumni Espa\u00f1a tienen pretenden ayudar a todas aquellas entidades que se est\u00e9n creando, o bien, aquellas que estando ya creadas cuentan\u00a0con pocos a\u00f1os de existencia y no mucha experiencia en este tipo de movimiento asociativo. Adem\u00e1s, quieren ser un espacio para el intercambio de experiencias entre Asociaciones de Antiguos Alumnos y Amigos,\u00a0m\u00e1s all\u00e1 de los encuentros anuales.<\/span><\/p>\n","protected":false},"excerpt":{"rendered":"<p>Las Jornadas Formativas de Asociaciones de Antiguos Alumnos y Amigos de las Universidades Espa\u00f1olas que peri\u00f3dicamente organiza Alumni Espa\u00f1a tienen pretenden ayudar a todas aquellas <a href=\"https:\/\/www.alumniespana.es\/nueva\/alumni-espana\/jornadas-formativas\/\" class=\"btn btn-link continue-link\">Seguir leyendo<\/a><\/p>\n","protected":false},"author":8,"featured_media":0,"parent":61,"menu_order":1,"comment_status":"closed","ping_status":"closed","template":"","meta":{"jetpack_post_was_ever_published":false,"footnotes":""},"class_list":["post-794","page","type-page","status-publish","hentry"],"jetpack_sharing_enabled":true,"jetpack_shortlink":"https:\/\/wp.me\/PgqjCh-cO","jetpack-related-posts":[],"_links":{"self":[{"href":"https:\/\/www.alumniespana.es\/nueva\/wp-json\/wp\/v2\/pages\/794","targetHints":{"allow":["GET"]}}],"collection":[{"href":"https:\/\/www.alumniespana.es\/nueva\/wp-json\/wp\/v2\/pages"}],"about":[{"href":"https:\/\/www.alumniespana.es\/nueva\/wp-json\/wp\/v2\/types\/page"}],"author":[{"embeddable":true,"href":"https:\/\/www.alumniespana.es\/nueva\/wp-json\/wp\/v2\/users\/8"}],"replies":[{"embeddable":true,"href":"https:\/\/www.alumniespana.es\/nueva\/wp-json\/wp\/v2\/comments?post=794"}],"version-history":[{"count":0,"href":"https:\/\/www.alumniespana.es\/nueva\/wp-json\/wp\/v2\/pages\/794\/revisions"}],"up":[{"embeddable":true,"href":"https:\/\/www.alumniespana.es\/nueva\/wp-json\/wp\/v2\/pages\/61"}],"wp:attachment":[{"href":"https:\/\/www.alumniespana.es\/nueva\/wp-json\/wp\/v2\/media?parent=794"}],"curies":[{"name":"wp","href":"https:\/\/api.w.org\/{rel}","templated":true}]}}

<p style="text-align: justify;"><span style="color: #000000;">Las Jornadas Formativas de Asociaciones de Antiguos Alumnos y Amigos de las Universidades Españolas que periódicamente organiza Alumni España tienen pretenden ayudar a todas aquellas entidades que se estén creando, o bien, aquellas que estando ya creadas cuentan con pocos años de existencia y no mucha experiencia en este tipo de movimiento asociativo. Además, quieren ser un espacio para el intercambio de experiencias entre Asociaciones de Antiguos Alumnos y Amigos, más allá de los encuentros anuales.</span></p>

<p>Las Jornadas Formativas de Asociaciones de Antiguos Alumnos y Amigos de las Universidades Españolas que periódicamente organiza Alumni España tienen pretenden ayudar a todas aquellas <a href="https://www.alumniespana.es/nueva/alumni-espana/jornadas-formativas/" class="btn btn-link continue-link">Seguir leyendo</a></p>
