{"id":26,"date":"2014-03-31T19:43:36","date_gmt":"2014-03-31T19:43:36","guid":{"rendered":"http:\/\/www.alumniespana.es\/nueva\/?page_id=26"},"modified":"2018-09-25T09:03:06","modified_gmt":"2018-09-25T09:03:06","slug":"como-asociarse","status":"publish","type":"page","link":"https:\/\/www.alumniespana.es\/nueva\/como-asociarse\/","title":{"rendered":"Como asociarse"},"content":{"rendered":"<p style=\"text-align: justify;\"><span style=\"color: #000000;\"><strong>Requisitos y cuotas<\/strong><\/span><\/p>\n<p style=\"color: #000000; text-align: justify;\"><span style=\"color: #000000;\">Alumni Espa\u00f1a la integran m\u00e1s de 40 asociaciones de antiguos alumnos y amigos de las universidades espa\u00f1olas, escuelas de negocios e, incluso, diversas asociaciones de egresados universitarios radicadas en el \u00e1mbito Hispanoamericano.<\/span><\/p>\n<p style=\"color: #000000; text-align: justify;\"><span style=\"color: #000000;\">Algunas de las actividades que anualmente lleva a cabo son\u00a0las siguientes:<\/span><\/p>\n<ul style=\"text-align: justify;\">\n<li><span style=\"color: #000000;\">Encuentro anual de Asociaciones de Antiguos Alumnos y Amigos de las Universidades Espa\u00f1olas.<\/span><\/li>\n<li><span style=\"color: #000000;\">Jornadas Universitarias de Formaci\u00f3n para Asociaciones de Antiguos Alumnos<\/span><\/li>\n<li><span style=\"color: #000000;\">Premio Alumni. Convocatoria de ayudas para asociaciones federadas con una dotaci\u00f3n de 2.000 euros.<\/span><\/li>\n<li><span style=\"color: #000000;\">Convocatoria PIDMAS; Premio de Investigaci\u00f3n y Desarrollo de Medioambiente y Sostenibilidad, dotado con 3.000 euros.<\/span><\/li>\n<li><span style=\"color: #000000;\">Labores de asesoramiento y apoyo administrativo a las asociaciones federadas.<\/span><\/li>\n<li><span style=\"color: #000000;\">Env\u00edo a los socios de informaci\u00f3n y convocatorias que pueden resultar de inter\u00e9s.<\/span><\/li>\n<li><span style=\"color: #000000;\">Convenios comerciales con empresas y entidades comerciales, que ofrecen condiciones preferenciales respecto a las que pudiera conseguir una entidad a modo individual, al representar a un elevado n\u00famero de antiguos alumnos.<\/span><\/li>\n<\/ul>\n<p style=\"color: #000000; text-align: justify;\"><span style=\"color: #000000;\">Para formar parte de Alumni Espa\u00f1a se debe rellenar el <a href=\"http:\/\/www.alumniespana.es\/nueva\/formulario-de-inscripcion\">Formulario de Inscripci\u00f3n<\/a> y abonar la cantidad anual de 500\u20ac.<\/span><\/p>\n","protected":false},"excerpt":{"rendered":"<p>Requisitos y cuotas Alumni Espa\u00f1a la integran m\u00e1s de 40 asociaciones de antiguos alumnos y amigos de las universidades espa\u00f1olas, escuelas de negocios e, incluso, <a href=\"https:\/\/www.alumniespana.es\/nueva\/como-asociarse\/\" class=\"btn btn-link continue-link\">Seguir leyendo<\/a><\/p>\n","protected":false},"author":8,"featured_media":0,"parent":0,"menu_order":0,"comment_status":"closed","ping_status":"closed","template":"","meta":{"jetpack_post_was_ever_published":false,"footnotes":""},"class_list":["post-26","page","type-page","status-publish","hentry"],"jetpack_sharing_enabled":true,"jetpack_shortlink":"https:\/\/wp.me\/PgqjCh-q","jetpack-related-posts":[],"_links":{"self":[{"href":"https:\/\/www.alumniespana.es\/nueva\/wp-json\/wp\/v2\/pages\/26","targetHints":{"allow":["GET"]}}],"collection":[{"href":"https:\/\/www.alumniespana.es\/nueva\/wp-json\/wp\/v2\/pages"}],"about":[{"href":"https:\/\/www.alumniespana.es\/nueva\/wp-json\/wp\/v2\/types\/page"}],"author":[{"embeddable":true,"href":"https:\/\/www.alumniespana.es\/nueva\/wp-json\/wp\/v2\/users\/8"}],"replies":[{"embeddable":true,"href":"https:\/\/www.alumniespana.es\/nueva\/wp-json\/wp\/v2\/comments?post=26"}],"version-history":[{"count":0,"href":"https:\/\/www.alumniespana.es\/nueva\/wp-json\/wp\/v2\/pages\/26\/revisions"}],"wp:attachment":[{"href":"https:\/\/www.alumniespana.es\/nueva\/wp-json\/wp\/v2\/media?parent=26"}],"curies":[{"name":"wp","href":"https:\/\/api.w.org\/{rel}","templated":true}]}}