{"id":22,"date":"2014-03-31T19:40:48","date_gmt":"2014-03-31T19:40:48","guid":{"rendered":"http:\/\/www.alumniespana.es\/nueva\/?page_id=22"},"modified":"2018-02-26T13:07:49","modified_gmt":"2018-02-26T13:07:49","slug":"donde-puedes-encontrarnos","status":"publish","type":"page","link":"https:\/\/www.alumniespana.es\/nueva\/donde-puedes-encontrarnos\/","title":{"rendered":"D\u00f3nde encontrarnos"},"content":{"rendered":"<p style=\"text-align: justify;\"><span style=\"color: #000000;\">Desde 2013\u00a0<b>Alumn<\/b><b>i Espa\u00f1a<\/b> tiene su sede social en el <b>Colegio San Pedro y San Pablo, en Alcal\u00e1 de Henares<\/b>.<\/span><\/p>\n<p style=\"text-align: justify;\"><span style=\"color: #000000;\">Es uno de los Colegios que flanquean el de <strong>San Ildefonso<\/strong> y completan la dotaci\u00f3n colegial de la manzana cisneriana. Se trata de una edificaci\u00f3n fundacional del cardenal Cisneros cuyo origen se remonta a 1513.\u00a0La imagen que actualmente se conserva de \u00e9l es la que se dio al conjunto a finales del S.XVII (1673), cuando se reconstruyeron la iglesia y el torre\u00f3n en una de sus esquinas. A trav\u00e9s de la fachada principal, alineada con la del Colegio de San Ildefonso se accede al primer de los tres patios consecutivos que estructuran la edificaci\u00f3n delimitada en su frente por la Plaza de San Diego y en sus laterales por el propio Colegio Mayor y por la Calle de San Pedro.<\/span><\/p>\n<p style=\"text-align: justify;\"><span style=\"color: #000000;\">Consta de dos alturas comunicadas entre s\u00ed por una escalera imperial situada entre el segundo patio y el primer patio que se organiza con una galer\u00eda en planta baja con arcos de medio punto sobre columnas monol\u00edticas de granito. El resto de los patios, de factura m\u00e1s sencilla, no presentan galer\u00eda y su f\u00e1brica es de ladrillo y en ella se abren huecos adintelados. A principios del siglo XIX (1836) ces\u00f3 en su funci\u00f3n de Colegio y fue adquirido por particulares (los mismos que fueron propietarios de San Ildefonso). Posteriormente se convirti\u00f3 en propiedad de la Sociedad de Condue\u00f1os (vecinos de Alcal\u00e1 de Henares que con fines altruistas se hicieron cargo, a sus expensas, de algunos edificios universitarios que a partir de 1836 entraron en un proceso de ruina progresiva al ser suprimida la Universidad y trasladada junto con todos sus bienes y patrimonio documental y bibliogr\u00e1fico a Madrid) que lo cedi\u00f3 a los PP.Escolapios con lo que el edificio mantuvo su funci\u00f3n docente como Colegio e Instituto.<\/span><\/p>\n<p style=\"text-align: justify;\"><span style=\"color: #000000;\">Por Real Decreto 1502\/77 de 10 de Junio, se cre\u00f3 la Universidad de Alcal\u00e1. Inici\u00f3 su funcionamiento en el curso 77\/78 y con este motivo usufructola edificaci\u00f3n a la Sociedad de Condue\u00f1os y la habilit\u00f3 en un principio como Facultad de Filosof\u00eda y Letras (1981-82).<\/span><\/p>\n<p style=\"text-align: justify;\"><span style=\"color: #000000;\">Colegio San Pedro y San Pablo 3a planta (Torre\u00f3n)<\/span><br \/>\n<span style=\"color: #000000;\">Plaza de San Diego s\/n<\/span><br \/>\n<span style=\"color: #000000;\">28801 Alcal\u00e1 de Henares. Madrid<\/span><br \/>\n<span style=\"color: #000000;\">Tel\u00e9fono: 91 885 41 04<\/span><br \/>\n<span style=\"color: #000000;\">Correo electr\u00f3nico: <a href=\"mailto:federacionantiguos@ext.universia.net\">federacionantiguos@ext.universia.net<\/a> <\/span><\/p>\n","protected":false},"excerpt":{"rendered":"<p>Desde 2013\u00a0Alumni Espa\u00f1a tiene su sede social en el Colegio San Pedro y San Pablo, en Alcal\u00e1 de Henares. Es uno de los Colegios que <a href=\"https:\/\/www.alumniespana.es\/nueva\/donde-puedes-encontrarnos\/\" class=\"btn btn-link continue-link\">Seguir leyendo<\/a><\/p>\n","protected":false},"author":8,"featured_media":0,"parent":0,"menu_order":0,"comment_status":"closed","ping_status":"closed","template":"","meta":{"jetpack_post_was_ever_published":false,"footnotes":""},"class_list":["post-22","page","type-page","status-publish","hentry"],"jetpack_sharing_enabled":true,"jetpack_shortlink":"https:\/\/wp.me\/PgqjCh-m","jetpack-related-posts":[],"_links":{"self":[{"href":"https:\/\/www.alumniespana.es\/nueva\/wp-json\/wp\/v2\/pages\/22","targetHints":{"allow":["GET"]}}],"collection":[{"href":"https:\/\/www.alumniespana.es\/nueva\/wp-json\/wp\/v2\/pages"}],"about":[{"href":"https:\/\/www.alumniespana.es\/nueva\/wp-json\/wp\/v2\/types\/page"}],"author":[{"embeddable":true,"href":"https:\/\/www.alumniespana.es\/nueva\/wp-json\/wp\/v2\/users\/8"}],"replies":[{"embeddable":true,"href":"https:\/\/www.alumniespana.es\/nueva\/wp-json\/wp\/v2\/comments?post=22"}],"version-history":[{"count":0,"href":"https:\/\/www.alumniespana.es\/nueva\/wp-json\/wp\/v2\/pages\/22\/revisions"}],"wp:attachment":[{"href":"https:\/\/www.alumniespana.es\/nueva\/wp-json\/wp\/v2\/media?parent=22"}],"curies":[{"name":"wp","href":"https:\/\/api.w.org\/{rel}","templated":true}]}}

Dónde encontrarnos

<p style="text-align: justify;"><span style="color: #000000;">Desde 2013 <b>Alumn</b><b>i España</b> tiene su sede social en el <b>Colegio San Pedro y San Pablo, en Alcalá de Henares</b>.</span></p>
<p style="text-align: justify;"><span style="color: #000000;">Es uno de los Colegios que flanquean el de <strong>San Ildefonso</strong> y completan la dotación colegial de la manzana cisneriana. Se trata de una edificación fundacional del cardenal Cisneros cuyo origen se remonta a 1513. La imagen que actualmente se conserva de él es la que se dio al conjunto a finales del S.XVII (1673), cuando se reconstruyeron la iglesia y el torreón en una de sus esquinas. A través de la fachada principal, alineada con la del Colegio de San Ildefonso se accede al primer de los tres patios consecutivos que estructuran la edificación delimitada en su frente por la Plaza de San Diego y en sus laterales por el propio Colegio Mayor y por la Calle de San Pedro.</span></p>
<p style="text-align: justify;"><span style="color: #000000;">Consta de dos alturas comunicadas entre sí por una escalera imperial situada entre el segundo patio y el primer patio que se organiza con una galería en planta baja con arcos de medio punto sobre columnas monolíticas de granito. El resto de los patios, de factura más sencilla, no presentan galería y su fábrica es de ladrillo y en ella se abren huecos adintelados. A principios del siglo XIX (1836) cesó en su función de Colegio y fue adquirido por particulares (los mismos que fueron propietarios de San Ildefonso). Posteriormente se convirtió en propiedad de la Sociedad de Condueños (vecinos de Alcalá de Henares que con fines altruistas se hicieron cargo, a sus expensas, de algunos edificios universitarios que a partir de 1836 entraron en un proceso de ruina progresiva al ser suprimida la Universidad y trasladada junto con todos sus bienes y patrimonio documental y bibliográfico a Madrid) que lo cedió a los PP.Escolapios con lo que el edificio mantuvo su función docente como Colegio e Instituto.</span></p>
<p style="text-align: justify;"><span style="color: #000000;">Por Real Decreto 1502/77 de 10 de Junio, se creó la Universidad de Alcalá. Inició su funcionamiento en el curso 77/78 y con este motivo usufructola edificación a la Sociedad de Condueños y la habilitó en un principio como Facultad de Filosofía y Letras (1981-82).</span></p>
<p style="text-align: justify;"><span style="color: #000000;">Colegio San Pedro y San Pablo 3a planta (Torreón)</span><br />
<span style="color: #000000;">Plaza de San Diego s/n</span><br />
<span style="color: #000000;">28801 Alcalá de Henares. Madrid</span><br />
<span style="color: #000000;">Teléfono: 91 885 41 04</span><br />
<span style="color: #000000;">Correo electrónico: <a href="mailto:federacionantiguos@ext.universia.net">federacionantiguos@ext.universia.net</a> </span></p>

<p>Desde 2013 Alumni España tiene su sede social en el Colegio San Pedro y San Pablo, en Alcalá de Henares. Es uno de los Colegios que <a href="https://www.alumniespana.es/nueva/donde-puedes-encontrarnos/" class="btn btn-link continue-link">Seguir leyendo</a></p>
