{"id":1796,"date":"2023-02-13T09:16:05","date_gmt":"2023-02-13T09:16:05","guid":{"rendered":"http:\/\/www.alumniespana.es\/nueva\/?page_id=1796"},"modified":"2023-02-13T09:16:05","modified_gmt":"2023-02-13T09:16:05","slug":"xxv-encuentro-de-asociaciones-de-antiguos-alumnos-y-amigos-de-las-universidades-espanolas","status":"publish","type":"page","link":"https:\/\/www.alumniespana.es\/nueva\/xxv-encuentro-de-asociaciones-de-antiguos-alumnos-y-amigos-de-las-universidades-espanolas\/","title":{"rendered":"XXV Encuentro de Asociaciones de Antiguos Alumnos y Amigos de las Universidades Espa\u00f1olas"},"content":{"rendered":"<p><a href=\"https:\/\/i0.wp.com\/www.alumniespana.es\/nueva\/wp-content\/uploads\/2023\/02\/cartel_propuesta_XXV.jpg\"><img data-recalc-dims=\"1\" fetchpriority=\"high\" decoding=\"async\" data-attachment-id=\"1797\" data-permalink=\"https:\/\/www.alumniespana.es\/nueva\/xxv-encuentro-de-asociaciones-de-antiguos-alumnos-y-amigos-de-las-universidades-espanolas\/cartel_propuesta_xxv\/\" data-orig-file=\"https:\/\/i0.wp.com\/www.alumniespana.es\/nueva\/wp-content\/uploads\/2023\/02\/cartel_propuesta_XXV.jpg?fit=720%2C1280&amp;ssl=1\" data-orig-size=\"720,1280\" data-comments-opened=\"1\" data-image-meta=\"{&quot;aperture&quot;:&quot;0&quot;,&quot;credit&quot;:&quot;&quot;,&quot;camera&quot;:&quot;&quot;,&quot;caption&quot;:&quot;&quot;,&quot;created_timestamp&quot;:&quot;0&quot;,&quot;copyright&quot;:&quot;&quot;,&quot;focal_length&quot;:&quot;0&quot;,&quot;iso&quot;:&quot;0&quot;,&quot;shutter_speed&quot;:&quot;0&quot;,&quot;title&quot;:&quot;&quot;,&quot;orientation&quot;:&quot;0&quot;}\" data-image-title=\"cartel_propuesta_XXV\" data-image-description=\"\" data-image-caption=\"\" data-medium-file=\"https:\/\/i0.wp.com\/www.alumniespana.es\/nueva\/wp-content\/uploads\/2023\/02\/cartel_propuesta_XXV.jpg?fit=169%2C300&amp;ssl=1\" data-large-file=\"https:\/\/i0.wp.com\/www.alumniespana.es\/nueva\/wp-content\/uploads\/2023\/02\/cartel_propuesta_XXV.jpg?fit=576%2C1024&amp;ssl=1\" class=\"alignleft wp-image-1797 size-large\" src=\"https:\/\/i0.wp.com\/www.alumniespana.es\/nueva\/wp-content\/uploads\/2023\/02\/cartel_propuesta_XXV.jpg?resize=576%2C1024\" alt=\"\" width=\"576\" height=\"1024\" srcset=\"https:\/\/i0.wp.com\/www.alumniespana.es\/nueva\/wp-content\/uploads\/2023\/02\/cartel_propuesta_XXV.jpg?resize=576%2C1024&amp;ssl=1 576w, https:\/\/i0.wp.com\/www.alumniespana.es\/nueva\/wp-content\/uploads\/2023\/02\/cartel_propuesta_XXV.jpg?resize=169%2C300&amp;ssl=1 169w, https:\/\/i0.wp.com\/www.alumniespana.es\/nueva\/wp-content\/uploads\/2023\/02\/cartel_propuesta_XXV.jpg?w=720&amp;ssl=1 720w\" sizes=\"(max-width: 576px) 100vw, 576px\" \/><\/a>Durante los d\u00edas 21 y 22 de octubre se celebrar\u00e1 e<strong>l XXV Encuentro de Asociaciones de Antiguos Alumnos y Amigos de las Universidades Espa\u00f1olas.<\/strong><\/p>\n<p>Este encuentro lo convoca cada a\u00f1o la Federaci\u00f3n de Asociaciones de Antiguos Alumnos y Amigos de las Universidades Espa\u00f1olas (Alumni Espa\u00f1a) y lo organiza una de las asociaciones federadas.\u00a0 En esta ocasi\u00f3n, es la entidad denominada Agrupaci\u00f3n antiguos alumnos y amigos de la Universidad de Zaragoza AGRALUZ de Zaragoza la encargada de la organizaci\u00f3n de este evento<\/p>\n<p>El XXIV Encuentro tiene una vertiente acad\u00e9mica e institucional, pero sobre todo pr\u00e1ctica para las entidades que agrupamos a los antiguos alumnos y amigos de las universidades espa\u00f1olas, sin olvidar la dimensi\u00f3n de relaci\u00f3n personal y cultural que siempre facilitan este tipo de reuniones.<\/p>\n<p>Creemos que puede ser un foro valioso para vuestra empresa o entidad alumni en donde podr\u00e1n formarse, intercambiar experiencias, establecer relaciones personales e institucionales y encontrar apoyos para el desarrollo de proyectos.<\/p>\n<p>Para cualquier informaci\u00f3n adicional que pueda precisar, no dude en ponerse en contacto en Zaragoza a trav\u00e9s del email,\u00a0<a href=\"mailto:agraluz@unizar.es\">agraluz@unizar.es<\/a>\u00a0o de su tel\u00e9fono 976 761 855 o a la Secretaria T\u00e9cnica de la Federaci\u00f3n (<a href=\"mailto:secretaria@alumniespana.net\">secretaria@alumniespana.net<\/a>\u00a0\/\u00a0<a href=\"mailto:alumniespana@gmail.com\">alumniespana@gmail.com<\/a>\u00a0).<\/p>\n<p>Las inscripciones se podr\u00e1n comenzar a realizar a partir del d\u00eda 7 de septiembre, no se har\u00e1 antes por todos los problemas que puedan venir generados por el Covid 19. Para acudir a la asamblea general del d\u00eda 22 solamente podr\u00e1n acudir los miembros Federados y es necesario que presenten el anexo debidamente cumplimentado si van a delegar su asistencia, para poder obtener el quorum requerido. Ya se ha generado una web donde se podr\u00e1 obtener toda la informaci\u00f3n del encuentro<\/p>\n<p><a href=\"https:\/\/agraluz.unizar.es\/xxv-encuentro-alumni-espana\">https:\/\/agraluz.unizar.es\/xxv-encuentro-alumni-espana<\/a><\/p>\n<p>Os iremos dando cumplida informaci\u00f3n tanto del encuentro como de la asamblea general. Todo ello en funci\u00f3n de las condiciones que nos vaya marcando la situaci\u00f3n generada por el Coivd 19<\/p>\n<p>Para la Federaci\u00f3n ser\u00eda un verdadero honor poder contar con la presencia en dicho evento, con todo aquel que se encuentre relacionado con el Mundo Alumni.<\/p>\n<p>Tanto para la asociaci\u00f3n AGRALUZ como para la Federaci\u00f3n Alumni Espa\u00f1a es una satisfacci\u00f3n compartir esta noticia con vosotros.<\/p>\n<p><a href=\"https:\/\/agraluz.unizar.es\/sites\/agraluz.unizar.es\/files\/users\/agraluz\/XXV_ENCUENTRO_ALUMNI\/programa_agraluz_imprimir.pdf\">PROGRAMA<\/a><\/p>\n","protected":false},"excerpt":{"rendered":"<p>Durante los d\u00edas 21 y 22 de octubre se celebrar\u00e1 el XXV Encuentro de Asociaciones de Antiguos Alumnos y Amigos de las Universidades Espa\u00f1olas. Este <a href=\"https:\/\/www.alumniespana.es\/nueva\/xxv-encuentro-de-asociaciones-de-antiguos-alumnos-y-amigos-de-las-universidades-espanolas\/\" class=\"btn btn-link continue-link\">Seguir leyendo<\/a><\/p>\n","protected":false},"author":8,"featured_media":0,"parent":0,"menu_order":0,"comment_status":"closed","ping_status":"closed","template":"","meta":{"jetpack_post_was_ever_published":false,"footnotes":""},"class_list":["post-1796","page","type-page","status-publish","hentry"],"jetpack_sharing_enabled":true,"jetpack_shortlink":"https:\/\/wp.me\/PgqjCh-sY","jetpack-related-posts":[],"_links":{"self":[{"href":"https:\/\/www.alumniespana.es\/nueva\/wp-json\/wp\/v2\/pages\/1796","targetHints":{"allow":["GET"]}}],"collection":[{"href":"https:\/\/www.alumniespana.es\/nueva\/wp-json\/wp\/v2\/pages"}],"about":[{"href":"https:\/\/www.alumniespana.es\/nueva\/wp-json\/wp\/v2\/types\/page"}],"author":[{"embeddable":true,"href":"https:\/\/www.alumniespana.es\/nueva\/wp-json\/wp\/v2\/users\/8"}],"replies":[{"embeddable":true,"href":"https:\/\/www.alumniespana.es\/nueva\/wp-json\/wp\/v2\/comments?post=1796"}],"version-history":[{"count":0,"href":"https:\/\/www.alumniespana.es\/nueva\/wp-json\/wp\/v2\/pages\/1796\/revisions"}],"wp:attachment":[{"href":"https:\/\/www.alumniespana.es\/nueva\/wp-json\/wp\/v2\/media?parent=1796"}],"curies":[{"name":"wp","href":"https:\/\/api.w.org\/{rel}","templated":true}]}}

XXV Encuentro de Asociaciones de Antiguos Alumnos y Amigos de las Universidades Españolas

<p><a href="https://i0.wp.com/www.alumniespana.es/nueva/wp-content/uploads/2023/02/cartel_propuesta_XXV.jpg"><img data-recalc-dims="1" fetchpriority="high" decoding="async" data-attachment-id="1797" data-permalink="https://www.alumniespana.es/nueva/xxv-encuentro-de-asociaciones-de-antiguos-alumnos-y-amigos-de-las-universidades-espanolas/cartel_propuesta_xxv/" data-orig-file="https://i0.wp.com/www.alumniespana.es/nueva/wp-content/uploads/2023/02/cartel_propuesta_XXV.jpg?fit=720%2C1280&amp;ssl=1" data-orig-size="720,1280" data-comments-opened="1" data-image-meta="{&quot;aperture&quot;:&quot;0&quot;,&quot;credit&quot;:&quot;&quot;,&quot;camera&quot;:&quot;&quot;,&quot;caption&quot;:&quot;&quot;,&quot;created_timestamp&quot;:&quot;0&quot;,&quot;copyright&quot;:&quot;&quot;,&quot;focal_length&quot;:&quot;0&quot;,&quot;iso&quot;:&quot;0&quot;,&quot;shutter_speed&quot;:&quot;0&quot;,&quot;title&quot;:&quot;&quot;,&quot;orientation&quot;:&quot;0&quot;}" data-image-title="cartel_propuesta_XXV" data-image-description="" data-image-caption="" data-medium-file="https://i0.wp.com/www.alumniespana.es/nueva/wp-content/uploads/2023/02/cartel_propuesta_XXV.jpg?fit=169%2C300&amp;ssl=1" data-large-file="https://i0.wp.com/www.alumniespana.es/nueva/wp-content/uploads/2023/02/cartel_propuesta_XXV.jpg?fit=576%2C1024&amp;ssl=1" class="alignleft wp-image-1797 size-large" src="https://i0.wp.com/www.alumniespana.es/nueva/wp-content/uploads/2023/02/cartel_propuesta_XXV.jpg?resize=576%2C1024" alt="" width="576" height="1024" srcset="https://i0.wp.com/www.alumniespana.es/nueva/wp-content/uploads/2023/02/cartel_propuesta_XXV.jpg?resize=576%2C1024&amp;ssl=1 576w, https://i0.wp.com/www.alumniespana.es/nueva/wp-content/uploads/2023/02/cartel_propuesta_XXV.jpg?resize=169%2C300&amp;ssl=1 169w, https://i0.wp.com/www.alumniespana.es/nueva/wp-content/uploads/2023/02/cartel_propuesta_XXV.jpg?w=720&amp;ssl=1 720w" sizes="(max-width: 576px) 100vw, 576px" /></a>Durante los días 21 y 22 de octubre se celebrará e<strong>l XXV Encuentro de Asociaciones de Antiguos Alumnos y Amigos de las Universidades Españolas.</strong></p>
<p>Este encuentro lo convoca cada año la Federación de Asociaciones de Antiguos Alumnos y Amigos de las Universidades Españolas (Alumni España) y lo organiza una de las asociaciones federadas.  En esta ocasión, es la entidad denominada Agrupación antiguos alumnos y amigos de la Universidad de Zaragoza AGRALUZ de Zaragoza la encargada de la organización de este evento</p>
<p>El XXIV Encuentro tiene una vertiente académica e institucional, pero sobre todo práctica para las entidades que agrupamos a los antiguos alumnos y amigos de las universidades españolas, sin olvidar la dimensión de relación personal y cultural que siempre facilitan este tipo de reuniones.</p>
<p>Creemos que puede ser un foro valioso para vuestra empresa o entidad alumni en donde podrán formarse, intercambiar experiencias, establecer relaciones personales e institucionales y encontrar apoyos para el desarrollo de proyectos.</p>
<p>Para cualquier información adicional que pueda precisar, no dude en ponerse en contacto en Zaragoza a través del email, <a href="mailto:agraluz@unizar.es">agraluz@unizar.es</a> o de su teléfono 976 761 855 o a la Secretaria Técnica de la Federación (<a href="mailto:secretaria@alumniespana.net">secretaria@alumniespana.net</a> / <a href="mailto:alumniespana@gmail.com">alumniespana@gmail.com</a> ).</p>
<p>Las inscripciones se podrán comenzar a realizar a partir del día 7 de septiembre, no se hará antes por todos los problemas que puedan venir generados por el Covid 19. Para acudir a la asamblea general del día 22 solamente podrán acudir los miembros Federados y es necesario que presenten el anexo debidamente cumplimentado si van a delegar su asistencia, para poder obtener el quorum requerido. Ya se ha generado una web donde se podrá obtener toda la información del encuentro</p>
<p><a href="https://agraluz.unizar.es/xxv-encuentro-alumni-espana">https://agraluz.unizar.es/xxv-encuentro-alumni-espana</a></p>
<p>Os iremos dando cumplida información tanto del encuentro como de la asamblea general. Todo ello en función de las condiciones que nos vaya marcando la situación generada por el Coivd 19</p>
<p>Para la Federación sería un verdadero honor poder contar con la presencia en dicho evento, con todo aquel que se encuentre relacionado con el Mundo Alumni.</p>
<p>Tanto para la asociación AGRALUZ como para la Federación Alumni España es una satisfacción compartir esta noticia con vosotros.</p>
<p><a href="https://agraluz.unizar.es/sites/agraluz.unizar.es/files/users/agraluz/XXV_ENCUENTRO_ALUMNI/programa_agraluz_imprimir.pdf">PROGRAMA</a></p>

<p>Durante los días 21 y 22 de octubre se celebrará el XXV Encuentro de Asociaciones de Antiguos Alumnos y Amigos de las Universidades Españolas. Este <a href="https://www.alumniespana.es/nueva/xxv-encuentro-de-asociaciones-de-antiguos-alumnos-y-amigos-de-las-universidades-espanolas/" class="btn btn-link continue-link">Seguir leyendo</a></p>
