{"id":14,"date":"2014-03-31T19:29:01","date_gmt":"2014-03-31T19:29:01","guid":{"rendered":"http:\/\/www.alumniespana.es\/nueva\/?page_id=14"},"modified":"2023-02-13T09:20:19","modified_gmt":"2023-02-13T09:20:19","slug":"junta-directiva","status":"publish","type":"page","link":"https:\/\/www.alumniespana.es\/nueva\/junta-directiva\/","title":{"rendered":"Junta Directiva"},"content":{"rendered":"<p><strong>Presidente:<\/strong><strong>\u00a0D.\u00a0<a href=\"https:\/\/www.linkedin.com\/in\/piguy1\/?ppe=1\">Antonio Jos\u00e9 Redondo Garc\u00eda<\/a><\/strong><br \/>\nAsociaci\u00f3n de Antiguos Alumnos y Amigos de la Universidad de Huelva<\/p>\n<p><strong>Vicepresidenta: D\u00aa. <a href=\"https:\/\/www.linkedin.com\/in\/idoyazabaleta\/\">Idoya Zabaleta Arregui<\/a><\/strong><br \/>\nAlumni-Universidad P\u00fablica de Navarra<\/p>\n<p><strong>Secretario:<\/strong>\u00a0<strong>D. Jos\u00e9 Manuel Chico Isidro<\/strong><br \/>\nAsociaci\u00f3n de Antiguos Alumnos de la Universidad de Alcal\u00e1<\/p>\n<p><strong>Tesorero:<\/strong> <strong>D. Jos\u00e9 Carlos Alonso<\/strong><br \/>\nAsociaci\u00f3n de Antiguos Alumnos y Amigos de la Universidad de Le\u00f3n<\/p>\n<p><strong>Vocal de COMUNICACI\u00d3N:<\/strong> <strong>D\u00aa. Gloria Jim\u00e9nez Mar\u00edn<\/strong><\/p>\n<p><strong>Vocal de ASUNTOS SOCIALES:<\/strong> <strong>D\u00aa. Mar\u00eda Jos\u00e9 Portillo Navarro<\/strong><\/p>\n<p><strong>Vocal de RELACIONES ISNTITUCIONALES PARA LA LOSU:<\/strong> <strong>D\u00aa Remedios Martel G\u00f3mez<\/strong><\/p>\n<p><strong>Asesor ASESOR TEMAS JUR\u00cdDICOS :<\/strong> <strong>D. Santiago Hierro Anibarro<br \/>\n<\/strong><\/p>\n<p><strong>Presidente CONSEJO ASESOR:<\/strong> D. <strong>Francisco Jose Mart\u00ednez L\u00f3pez<\/strong><\/p>\n","protected":false},"excerpt":{"rendered":"<p>Presidente:\u00a0D.\u00a0Antonio Jos\u00e9 Redondo Garc\u00eda Asociaci\u00f3n de Antiguos Alumnos y Amigos de la Universidad de Huelva Vicepresidenta: D\u00aa. Idoya Zabaleta Arregui Alumni-Universidad P\u00fablica de Navarra Secretario:\u00a0D. <a href=\"https:\/\/www.alumniespana.es\/nueva\/junta-directiva\/\" class=\"btn btn-link continue-link\">Seguir leyendo<\/a><\/p>\n","protected":false},"author":8,"featured_media":0,"parent":0,"menu_order":0,"comment_status":"closed","ping_status":"closed","template":"","meta":{"jetpack_post_was_ever_published":false,"footnotes":""},"class_list":["post-14","page","type-page","status-publish","hentry"],"jetpack_sharing_enabled":true,"jetpack_shortlink":"https:\/\/wp.me\/PgqjCh-e","jetpack-related-posts":[],"_links":{"self":[{"href":"https:\/\/www.alumniespana.es\/nueva\/wp-json\/wp\/v2\/pages\/14","targetHints":{"allow":["GET"]}}],"collection":[{"href":"https:\/\/www.alumniespana.es\/nueva\/wp-json\/wp\/v2\/pages"}],"about":[{"href":"https:\/\/www.alumniespana.es\/nueva\/wp-json\/wp\/v2\/types\/page"}],"author":[{"embeddable":true,"href":"https:\/\/www.alumniespana.es\/nueva\/wp-json\/wp\/v2\/users\/8"}],"replies":[{"embeddable":true,"href":"https:\/\/www.alumniespana.es\/nueva\/wp-json\/wp\/v2\/comments?post=14"}],"version-history":[{"count":0,"href":"https:\/\/www.alumniespana.es\/nueva\/wp-json\/wp\/v2\/pages\/14\/revisions"}],"wp:attachment":[{"href":"https:\/\/www.alumniespana.es\/nueva\/wp-json\/wp\/v2\/media?parent=14"}],"curies":[{"name":"wp","href":"https:\/\/api.w.org\/{rel}","templated":true}]}}

<p><strong>Presidente:</strong><strong> D. <a href="https://www.linkedin.com/in/piguy1/?ppe=1">Antonio José Redondo García</a></strong><br />
Asociación de Antiguos Alumnos y Amigos de la Universidad de Huelva</p>
<p><strong>Vicepresidenta: Dª. <a href="https://www.linkedin.com/in/idoyazabaleta/">Idoya Zabaleta Arregui</a></strong><br />
Alumni-Universidad Pública de Navarra</p>
<p><strong>Secretario:</strong> <strong>D. José Manuel Chico Isidro</strong><br />
Asociación de Antiguos Alumnos de la Universidad de Alcalá</p>
<p><strong>Tesorero:</strong> <strong>D. José Carlos Alonso</strong><br />
Asociación de Antiguos Alumnos y Amigos de la Universidad de León</p>
<p><strong>Vocal de COMUNICACIÓN:</strong> <strong>Dª. Gloria Jiménez Marín</strong></p>
<p><strong>Vocal de ASUNTOS SOCIALES:</strong> <strong>Dª. María José Portillo Navarro</strong></p>
<p><strong>Vocal de RELACIONES ISNTITUCIONALES PARA LA LOSU:</strong> <strong>Dª Remedios Martel Gómez</strong></p>
<p><strong>Asesor ASESOR TEMAS JURÍDICOS :</strong> <strong>D. Santiago Hierro Anibarro<br />
</strong></p>
<p><strong>Presidente CONSEJO ASESOR:</strong> D. <strong>Francisco Jose Martínez López</strong></p>

<p>Presidente: D. Antonio José Redondo García Asociación de Antiguos Alumnos y Amigos de la Universidad de Huelva Vicepresidenta: Dª. Idoya Zabaleta Arregui Alumni-Universidad Pública de Navarra Secretario: D. <a href="https://www.alumniespana.es/nueva/junta-directiva/" class="btn btn-link continue-link">Seguir leyendo</a></p>
