{"id":1246,"date":"2016-11-23T13:09:11","date_gmt":"2016-11-23T13:09:11","guid":{"rendered":"http:\/\/www.alumniespana.es\/nueva\/?page_id=1246"},"modified":"2017-02-10T08:43:48","modified_gmt":"2017-02-10T08:43:48","slug":"xx-encuentro-asociaciones-antiguos-alumnos-amigos-las-universidades-espanolas","status":"publish","type":"page","link":"https:\/\/www.alumniespana.es\/nueva\/xx-encuentro-asociaciones-antiguos-alumnos-amigos-las-universidades-espanolas\/","title":{"rendered":"XX ENCUENTRO DE ASOCIACIONES DE ANTIGUOS ALUMNOS  Y AMIGOS DE LAS UNIVERSIDADES ESPA\u00d1OLAS"},"content":{"rendered":"<p style=\"text-align: justify;\"><a href=\"http:\/\/www.alumniespana.es\/nueva\/galeria-encuentro\"><img data-recalc-dims=\"1\" decoding=\"async\" data-attachment-id=\"1386\" data-permalink=\"https:\/\/www.alumniespana.es\/nueva\/xx-encuentro-asociaciones-antiguos-alumnos-amigos-las-universidades-espanolas\/galeriafotos\/\" data-orig-file=\"https:\/\/i0.wp.com\/www.alumniespana.es\/nueva\/wp-content\/uploads\/2016\/12\/galeriafotos.png?fit=250%2C51&amp;ssl=1\" data-orig-size=\"250,51\" data-comments-opened=\"1\" data-image-meta=\"{&quot;aperture&quot;:&quot;0&quot;,&quot;credit&quot;:&quot;&quot;,&quot;camera&quot;:&quot;&quot;,&quot;caption&quot;:&quot;&quot;,&quot;created_timestamp&quot;:&quot;0&quot;,&quot;copyright&quot;:&quot;&quot;,&quot;focal_length&quot;:&quot;0&quot;,&quot;iso&quot;:&quot;0&quot;,&quot;shutter_speed&quot;:&quot;0&quot;,&quot;title&quot;:&quot;&quot;,&quot;orientation&quot;:&quot;0&quot;}\" data-image-title=\"galeriafotos\" data-image-description=\"\" data-image-caption=\"\" data-medium-file=\"https:\/\/i0.wp.com\/www.alumniespana.es\/nueva\/wp-content\/uploads\/2016\/12\/galeriafotos.png?fit=250%2C51&amp;ssl=1\" data-large-file=\"https:\/\/i0.wp.com\/www.alumniespana.es\/nueva\/wp-content\/uploads\/2016\/12\/galeriafotos.png?fit=250%2C51&amp;ssl=1\" class=\"alignleft size-full wp-image-1386\" src=\"https:\/\/i0.wp.com\/www.alumniespana.es\/nueva\/wp-content\/uploads\/2016\/12\/galeriafotos.png?resize=250%2C51\" alt=\"\" width=\"250\" height=\"51\" \/><\/a> <a href=\"http:\/\/www.alumniespana.es\/nueva\/ponencias-xx-encuentro\"><img data-recalc-dims=\"1\" decoding=\"async\" data-attachment-id=\"1387\" data-permalink=\"https:\/\/www.alumniespana.es\/nueva\/xx-encuentro-asociaciones-antiguos-alumnos-amigos-las-universidades-espanolas\/ponencias\/\" data-orig-file=\"https:\/\/i0.wp.com\/www.alumniespana.es\/nueva\/wp-content\/uploads\/2016\/12\/ponencias.png?fit=250%2C51&amp;ssl=1\" data-orig-size=\"250,51\" data-comments-opened=\"1\" data-image-meta=\"{&quot;aperture&quot;:&quot;0&quot;,&quot;credit&quot;:&quot;&quot;,&quot;camera&quot;:&quot;&quot;,&quot;caption&quot;:&quot;&quot;,&quot;created_timestamp&quot;:&quot;0&quot;,&quot;copyright&quot;:&quot;&quot;,&quot;focal_length&quot;:&quot;0&quot;,&quot;iso&quot;:&quot;0&quot;,&quot;shutter_speed&quot;:&quot;0&quot;,&quot;title&quot;:&quot;&quot;,&quot;orientation&quot;:&quot;0&quot;}\" data-image-title=\"ponencias\" data-image-description=\"\" data-image-caption=\"\" data-medium-file=\"https:\/\/i0.wp.com\/www.alumniespana.es\/nueva\/wp-content\/uploads\/2016\/12\/ponencias.png?fit=250%2C51&amp;ssl=1\" data-large-file=\"https:\/\/i0.wp.com\/www.alumniespana.es\/nueva\/wp-content\/uploads\/2016\/12\/ponencias.png?fit=250%2C51&amp;ssl=1\" class=\"alignleft size-full wp-image-1387\" src=\"https:\/\/i0.wp.com\/www.alumniespana.es\/nueva\/wp-content\/uploads\/2016\/12\/ponencias.png?resize=250%2C51\" alt=\"\" width=\"250\" height=\"51\" \/><\/a><\/p>\n<p style=\"text-align: justify;\">El \u00ab<strong>XX Encuentro Nacional de Asociaciones de Antiguos Alumnos y Amigos de las Universidades Espa\u00f1olas<\/strong>\u201d se realizar\u00e1 los d\u00edas 15 y 16 de Diciembre de 2016, en Alcal\u00e1 de Henares.<\/p>\n<p style=\"text-align: justify;\">Este encuentro lo convoca cada a\u00f1o Alumni Espa\u00f1a (Federaci\u00f3n de Asociaciones de Antiguos Alumnos y Amigos de las Universidades Espa\u00f1olas) y lo organiza una de las asociaciones federadas. En est\u00e1 ocasi\u00f3n, es la Asociaci\u00f3n de Antiguos Alumnos de la Universidad de Alcal\u00e1 la encargada de la organizaci\u00f3n de este evento.<\/p>\n<p style=\"text-align: justify;\">El XX Encuentro tiene una vertiente acad\u00e9mica e institucional, pero sobre todo pr\u00e1ctica para las entidades que agrupamos a los antiguos alumnos y amigos de las universidades espa\u00f1olas, sin olvidar la dimensi\u00f3n de relaci\u00f3n personal y cultural que siempre facilitan este tipo de reuniones.<\/p>\n<p style=\"text-align: justify;\">La tem\u00e1tica central del XX Encuentro ser\u00e1 sobre Internacionalizaci\u00f3n de las Entidades Alumni.<\/p>\n<p>A su vez se tratar\u00e1n a trav\u00e9s de un panel de experiencias la adecuaci\u00f3n a las tecnolog\u00edas de los programas de gesti\u00f3n de alumni desarrollado por OCU con ejemplo de entidades alumni que ya lo han implantado.<\/p>\n<p><a href=\"http:\/\/www.alumniespana.es\/nueva\/wp-content\/uploads\/2016\/11\/CARTA_PRESENTACION_INVITACION_XX_Alumni.pdf\">Carta presentaci\u00f3n_invitaci\u00f3n XX Alumni<\/a><\/p>\n<p><a href=\"http:\/\/www.alumniespana.es\/nueva\/wp-content\/uploads\/2016\/11\/DIPTICO_ENCUENTRO_ALUMNI_2016.pdf\">D\u00edptico Encuentro Alumni 2016<\/a><\/p>\n","protected":false},"excerpt":{"rendered":"<p>El \u00abXX Encuentro Nacional de Asociaciones de Antiguos Alumnos y Amigos de las Universidades Espa\u00f1olas\u201d se realizar\u00e1 los d\u00edas 15 y 16 de Diciembre de <a href=\"https:\/\/www.alumniespana.es\/nueva\/xx-encuentro-asociaciones-antiguos-alumnos-amigos-las-universidades-espanolas\/\" class=\"btn btn-link continue-link\">Seguir leyendo<\/a><\/p>\n","protected":false},"author":8,"featured_media":0,"parent":0,"menu_order":0,"comment_status":"closed","ping_status":"closed","template":"","meta":{"jetpack_post_was_ever_published":false,"footnotes":""},"class_list":["post-1246","page","type-page","status-publish","hentry"],"jetpack_sharing_enabled":true,"jetpack_shortlink":"https:\/\/wp.me\/PgqjCh-k6","jetpack-related-posts":[],"_links":{"self":[{"href":"https:\/\/www.alumniespana.es\/nueva\/wp-json\/wp\/v2\/pages\/1246","targetHints":{"allow":["GET"]}}],"collection":[{"href":"https:\/\/www.alumniespana.es\/nueva\/wp-json\/wp\/v2\/pages"}],"about":[{"href":"https:\/\/www.alumniespana.es\/nueva\/wp-json\/wp\/v2\/types\/page"}],"author":[{"embeddable":true,"href":"https:\/\/www.alumniespana.es\/nueva\/wp-json\/wp\/v2\/users\/8"}],"replies":[{"embeddable":true,"href":"https:\/\/www.alumniespana.es\/nueva\/wp-json\/wp\/v2\/comments?post=1246"}],"version-history":[{"count":0,"href":"https:\/\/www.alumniespana.es\/nueva\/wp-json\/wp\/v2\/pages\/1246\/revisions"}],"wp:attachment":[{"href":"https:\/\/www.alumniespana.es\/nueva\/wp-json\/wp\/v2\/media?parent=1246"}],"curies":[{"name":"wp","href":"https:\/\/api.w.org\/{rel}","templated":true}]}}