{"id":1068,"date":"2014-07-28T18:22:09","date_gmt":"2014-07-28T18:22:09","guid":{"rendered":"http:\/\/www.alumniespana.es\/nueva\/?page_id=1068"},"modified":"2014-07-28T18:55:57","modified_gmt":"2014-07-28T18:55:57","slug":"premio-pidmas","status":"publish","type":"page","link":"https:\/\/www.alumniespana.es\/nueva\/alumni-espana\/premio-pidmas\/","title":{"rendered":"Premio PIDMAS"},"content":{"rendered":"<p style=\"text-align: justify;\">Con el fin de promover y divulgar trabajos de investigaci\u00f3n realizados desde el \u00e1mbito universitario, la Universidad de Alcal\u00e1 y la Federaci\u00f3n Alumni Espa\u00f1a, en colaboraci\u00f3n con el Portal UNIVERSIA S.A., y la Asociaci\u00f3n de Empresarios del Henares (AEDHE), convocan el premio de investigaci\u00f3n sobre \u201cMedio Ambiente y Sostenibilidad\u201d (PIDMAS).<\/p>\n<p style=\"text-align: justify;\"><strong>1 OBJETO Y NATURALEZA DE LOS PREMIOS OBJETO Y NATURALEZA DE LOS PREMIOS<\/strong><br \/>\nSe conceder\u00e1 a proyectos finales de carrera, tesis doctorales o trabajos de investigaci\u00f3n realizados por Diplomados, Graduados, Licenciados, Doctores, Ingenieros o Arquitectos que hayan obtenido su titulaci\u00f3n despu\u00e9s del a\u00f1o 2008 en alguna de las universidades espa\u00f1olas. Cada persona podr\u00e1 presentar un \u00fanico trabajo.<br \/>\nLa tem\u00e1tica del premio que se convoca es: \u201cMedio Ambiente y Sostenibilidad\u201d. Los trabajos de investigaci\u00f3n deben estar relacionados con el enunciado del premio y estar basados en datos de actualidad cient\u00edfica.<\/p>\n<p style=\"text-align: justify;\"><strong>2 CUANT\u00cdA DE LOS PREMIOS CUANT\u00cdA DE LOS PREMIOS<\/strong><br \/>\nTres mil euros (3.000 \u20ac), que ser\u00e1n abonados por la Universidad de Alcal\u00e1 y la Federaci\u00f3n Alumni Espa\u00f1a, sin responsabilidad de las dem\u00e1s entidades convocantes en relaci\u00f3n con el pago de este premio.<\/p>\n<p style=\"text-align: justify;\"><strong>3 NATURALEZA NATURALEZA<\/strong><br \/>\nLos proyectos fin de carrera, tesis doctorales o trabajos de investigaci\u00f3n de uno o varios autores deber\u00e1n tener car\u00e1cter original e in\u00e9dito, estar redactados en lenguas del estado espa\u00f1ol y tener un t\u00edtulo. Los trabajos consistir\u00e1n en una obra monogr\u00e1fica sobre la materia ya mencionada. En cualquier caso, los trabajos presentados se acompa\u00f1ar\u00e1n obligatoriamente de un Informe Ejecutivo con una extensi\u00f3n m\u00ednima de 15.000 caracteres y m\u00e1xima de 20.000 caracteres -unas 10 p\u00e1ginas- en castellano, que incluya:<br \/>\n1. Antecedentes.<br \/>\n2. Hip\u00f3tesis de trabajo y objetivos.<br \/>\n3. S\u00edntesis estructurada del contenido.<br \/>\n4. Resultados y Conclusiones.<\/p>\n<p style=\"text-align: justify;\"><strong>4 COMPOSICI\u00d3N DEL JURADO COMPOSICI\u00d3N DEL JURADO<\/strong><br \/>\nLa Presidencia del Jurado ser\u00e1 ostentada por el Rector de la Universidad de Alcal\u00e1. El resto del Jurado estar\u00e1 integrado por docentes de dicha instituci\u00f3n, de reconocida solvencia cient\u00edfica y t\u00e9cnica. Las labores de secretar\u00eda y administraci\u00f3n ligadas al desarrollo de estos premios recaer\u00e1n en Alumni Espa\u00f1a.<\/p>\n<p style=\"text-align: justify;\"><strong>5 PRESENTACI\u00d3N DE LOS TRABAJOS<\/strong><br \/>\nLos trabajos que se presenten deber\u00e1n ir acompa\u00f1ados de la siguiente documentaci\u00f3n:<br \/>\n1. Menci\u00f3n de la presentaci\u00f3n a los Premios de Investigaci\u00f3n \u201cUniversidad de Alcal\u00e1\/ Federaci\u00f3n Alumi Espa\u00f1a \/ UNIVERSIA\/AEDHE\u201d, as\u00ed como la cesi\u00f3n de los derechos de esos trabajos en el caso de que resulten premiados o con<br \/>\nmenci\u00f3n honor\u00edfica. Si los trabajos estuviesen redactados originalmente en una lengua distinta del espa\u00f1ol, deber\u00e1n ir acompa\u00f1ados al menos de una copia en esta lengua.<br \/>\n2. Declaraci\u00f3n del car\u00e1cter original e in\u00e9dito del trabajo.<br \/>\n3. Fotocopia compulsada del DNI o pasaporte del autor o autores del trabajo.<br \/>\nLos trabajos se presentar\u00e1n, dentro del plazo estipulado en la base QUINTA, seg\u00fan el procedimiento descrito a continuaci\u00f3n:<br \/>\n1. Remisi\u00f3n al portal Universia (www.universia.net) del trabajo en soporte inform\u00e1tico, cumplimentando los datos requeridos en el \u201cFormulario de Inscripci\u00f3n\u201d de dicho portal, adjuntando el trabajo en uno o varios archivos PDF que no superen los 50 Mb. En el nombre de los archivos deber\u00e1 figurar el nombre del autor.<br \/>\n2. Remisi\u00f3n al domicilio social de la Federaci\u00f3n Alumni Espa\u00f1a, sita en Colegio San Pedro y San Pablo, 3\u00aa planta, Plaza San Diego s\/n, Alcal\u00e1 de Henares, 28801 (Madrid) del original de los documentos, menci\u00f3n de la presentaci\u00f3n a los Premios de Investigaci\u00f3n, cesi\u00f3n a la Universidad de Alcal\u00e1 de los derechos de esos trabajos, declaraci\u00f3n del car\u00e1cter original e in\u00e9dito, y la fotocopia compulsada del DNI o pasaporte del autor o autores del trabajo.<\/p>\n<p style=\"text-align: justify;\"><strong>6 PLAZO<\/strong><br \/>\nConsultar las bases espec\u00edficas de cada convocatoria.<\/p>\n<p style=\"text-align: justify;\"><strong>7 CRITERIOS DE VALORACI\u00d3N CRITERIOS DE VALORACI\u00d3N<\/strong><br \/>\nEl procedimiento de otorgamiento del premio ser\u00e1 mediante concurrencia competitiva. El Jurado valorar\u00e1 los trabajos, de mayor a menor importancia, atendiendo a los siguientes criterios de evaluaci\u00f3n:<br \/>\n1. Originalidad e innovaci\u00f3n en el tratamiento de los temas objeto del premio.<br \/>\n2. Metodolog\u00eda cient\u00edfica adecuada al problema planteado.<br \/>\n3. Adecuaci\u00f3n del contenido al objeto de estudio.<br \/>\n4. Redacci\u00f3n, claridad, pulcritud y exactitud.<br \/>\n5. Conocimiento y utilizaci\u00f3n adecuada de la bibliograf\u00eda pertinente.<br \/>\n6. Nota acad\u00e9mica obtenida en los estudios de licenciatura o doctorado<br \/>\ncursados por el autor y relacionados con la tem\u00e1tica del premio.<br \/>\n7. Cohesi\u00f3n y fortaleza de la estructura del trabajo y posibilidad de aplicaci\u00f3n<br \/>\npr\u00e1ctica del mismo.<\/p>\n<p style=\"text-align: justify;\"><strong>8 RESOLUCI\u00d3N RESOLUCI\u00d3N<\/strong><br \/>\nEl Jurado en su momento se har\u00e1 p\u00fablico, elevar\u00e1 propuesta de su fallo al Presidente. La resoluci\u00f3n definitiva de la concesi\u00f3n del premio se recoger\u00e1 en la correspondiente acta, formalizada por el Secretario.<\/p>\n<p style=\"text-align: justify;\"><strong>9 R\u00c9GIMEN R\u00c9GIMEN<\/strong><br \/>\nLa presentaci\u00f3n de los trabajos supone la aceptaci\u00f3n expresa de todas sus bases y del fallo inapelable del Jurado. El pago del premio se har\u00e1 efectivo en el acto de entrega del mismo, el cual tendr\u00e1 lugar en el plazo de un mes a contar desde la fecha del fallo del Jurado. La Universidad de Alcal\u00e1 y la Federaci\u00f3n Alumni Espa\u00f1a, se reservan el derecho de modificar las presentes bases e incluso su anulaci\u00f3n antes de la fecha de terminaci\u00f3n de presentaci\u00f3n de los trabajos, siempre que concurra causa justificada para ello. En todo caso, se comprometen a comunicar las bases modificadas, o en su caso, la anulaci\u00f3n del premio en su conjunto, en los t\u00e9rminos indicados en el p\u00e1rrafo siguiente. Las bases quedar\u00e1n depositadas en la sede de la Federaci\u00f3n Alumni Espa\u00f1a, Colegio San Pedro y San Pablo, 3\u00aa Planta, Plaza San Diego s\/n, 28801 Alcal\u00e1 de Henares (Madrid).<\/p>\n<p style=\"text-align: justify;\"><strong>10 OPCIONES Y DERECHOS OPCIONES Y DERECHOS<\/strong><br \/>\nLa Universidad de Alcal\u00e1 proceder\u00e1 a la publicaci\u00f3n de los trabajos durante el primer a\u00f1o a partir de la fecha del fallo del Jurado, sin que su autor tenga derecho a retribuci\u00f3n o compensaci\u00f3n distinta del premio concedido. A tal efecto, los participantes deber\u00e1n comprometerse a la cesi\u00f3n de los derechos de esos trabajos en el caso de que resulten premiados, tal y como se indica en la base CUARTA.<br \/>\nLos trabajos que no hayan sido premiados podr\u00e1n ser retirados en el plazo m\u00e1ximo de un mes desde la publicaci\u00f3n del fallo del Jurado. Los participantes, en relaci\u00f3n con la cesi\u00f3n de derechos ya citada, garantizan y se responsabilizan frente a la Universidad de Alcal\u00e1, del cumplimiento de las disposiciones aplicables en materia de propiedad intelectual y de la leg\u00edtima existencia y titularidad de sus derechos de ropiedad intelectual sobre los trabajos presentados, declarando que su presentaci\u00f3n, difusi\u00f3n y publicaci\u00f3n en el marco del premio no lesionan ni perjudican los derechos de terceros.<\/p>\n<p style=\"text-align: justify;\"><strong>11 REVOCACI\u00d3N DE LA CONCESI\u00d3N Y REINTEGRO DE CANTIDADES<\/strong><br \/>\nToda alteraci\u00f3n de las condiciones tenidas en cuenta para la concesi\u00f3n del premio podr\u00e1 dar lugar a la modificaci\u00f3n de los mismos, a la revocaci\u00f3n de la resoluci\u00f3n de concesi\u00f3n y al reintegro total del premio concedido con el inter\u00e9s de demora, en su caso, desde el momento de abono del mismo. El autor o autores de los trabajos estar\u00e1n obligados a notificar al Jurado, las modificaciones que se produzcan en relaci\u00f3n con los trabajos presentados, que afecten a las condiciones establecidas en las bases reguladoras para la obtenci\u00f3n de los premios, o a las obligaciones derivadas de los mismos.<\/p>\n<p style=\"text-align: justify;\"><strong>12 PROTECCI\u00d3N DE DATOS DE CAR\u00c1CTER PERSONAL<\/strong><br \/>\nLos participantes en el presente premio aceptan y dan su consentimiento para que los datos personales que aporten para participar en el mismo sean incorporados a un fichero automatizado titularidad de la Federaci\u00f3n Alumni Espa\u00f1a, cuya finalidad ser\u00e1 la gesti\u00f3n y desarrollo del premio, de acuerdo con lo dispuesto en la Ley Org\u00e1nica 15\/1999, de 13 de diciembre, de Protecci\u00f3n de Datos de Car\u00e1cter Personal.<br \/>\nLa Federaci\u00f3n Alumni Espa\u00f1a ha inscrito dicho fichero en el Registro General de Protecci\u00f3n de Datos, proporcion\u00e1ndose a los usuarios, con car\u00e1cter previo, la informaci\u00f3n relevante sobre el destino de dichos datos con el fin de que presten su consentimiento plenamente informados. De igual modo, la Federaci\u00f3n Alumni Espa\u00f1a ha adoptado los niveles de seguridad de protecci\u00f3n de los Datos Personales requeridos, y procura instalar aquellos otros medios y medidas t\u00e9cnicas adicionales a su alcance para evitar la p\u00e9rdida, mal uso, alteraci\u00f3n, acceso no autorizado y robo de los Datos Personales facilitados por los participantes del concurso.<br \/>\nComo entidad receptora de los trabajos de investigaci\u00f3n, el Portal UNIVERSIA, S.A., se limitar\u00e1 a prestar el servicio de recogida de datos (como encargado del tratamiento), dando traslado de los mismos a la Federaci\u00f3n Alumni Espa\u00f1a, con la finalidad de que los incorpore al fichero citado en el p\u00e1rrafo anterior. El usuario participante garantiza que los datos personales facilitados con motivo de la inscripci\u00f3n en el premio son veraces y se hace responsable de comunicar a \u00e9sta cualquier modificaci\u00f3n en los mismos. El ganador del premio consiente en la utilizaci\u00f3n, publicaci\u00f3n y reproducci\u00f3n en todo el mundo y sin limitaci\u00f3n, por parte de la Federaci\u00f3n Alumni Espa\u00f1a de sus datos de identificaci\u00f3n en cualquier tipo de publicidad, promoci\u00f3n, publicaci\u00f3n, incluido internet, o cualquier otro medio de la naturaleza que sea, con fines informativos, sin reembolso de ning\u00fan tipo para el participante y sin necesidad de pagarle ninguna tarifa. Los concursantes tienen reconocidos y podr\u00e1n ejercitar los derechos de acceso, cancelaci\u00f3n, rectificaci\u00f3n y oposici\u00f3n, contactando con la Federaci\u00f3n Alumni Espa\u00f1a, mediante escrito dirigido la siguiente direcci\u00f3n: Colegio San Pedro y San Pablo, 3\u00aa Planta, Plaza San Diego s\/n, 28801 Alcal\u00e1 de Henares, Madrid.<\/p>\n","protected":false},"excerpt":{"rendered":"<p>Con el fin de promover y divulgar trabajos de investigaci\u00f3n realizados desde el \u00e1mbito universitario, la Universidad de Alcal\u00e1 y la Federaci\u00f3n Alumni Espa\u00f1a, en <a href=\"https:\/\/www.alumniespana.es\/nueva\/alumni-espana\/premio-pidmas\/\" class=\"btn btn-link continue-link\">Seguir leyendo<\/a><\/p>\n","protected":false},"author":8,"featured_media":0,"parent":61,"menu_order":4,"comment_status":"closed","ping_status":"closed","template":"","meta":{"jetpack_post_was_ever_published":false,"footnotes":""},"class_list":["post-1068","page","type-page","status-publish","hentry"],"jetpack_sharing_enabled":true,"jetpack_shortlink":"https:\/\/wp.me\/PgqjCh-he","jetpack-related-posts":[],"_links":{"self":[{"href":"https:\/\/www.alumniespana.es\/nueva\/wp-json\/wp\/v2\/pages\/1068","targetHints":{"allow":["GET"]}}],"collection":[{"href":"https:\/\/www.alumniespana.es\/nueva\/wp-json\/wp\/v2\/pages"}],"about":[{"href":"https:\/\/www.alumniespana.es\/nueva\/wp-json\/wp\/v2\/types\/page"}],"author":[{"embeddable":true,"href":"https:\/\/www.alumniespana.es\/nueva\/wp-json\/wp\/v2\/users\/8"}],"replies":[{"embeddable":true,"href":"https:\/\/www.alumniespana.es\/nueva\/wp-json\/wp\/v2\/comments?post=1068"}],"version-history":[{"count":0,"href":"https:\/\/www.alumniespana.es\/nueva\/wp-json\/wp\/v2\/pages\/1068\/revisions"}],"up":[{"embeddable":true,"href":"https:\/\/www.alumniespana.es\/nueva\/wp-json\/wp\/v2\/pages\/61"}],"wp:attachment":[{"href":"https:\/\/www.alumniespana.es\/nueva\/wp-json\/wp\/v2\/media?parent=1068"}],"curies":[{"name":"wp","href":"https:\/\/api.w.org\/{rel}","templated":true}]}}