{"id":1052,"date":"2014-07-23T16:14:38","date_gmt":"2014-07-23T16:14:38","guid":{"rendered":"http:\/\/www.alumniespana.es\/nueva\/?page_id=1052"},"modified":"2014-07-25T10:21:25","modified_gmt":"2014-07-25T10:21:25","slug":"politica-de-galletas","status":"publish","type":"page","link":"https:\/\/www.alumniespana.es\/nueva\/politica-de-galletas\/","title":{"rendered":"Pol\u00edtica de galletas"},"content":{"rendered":"<p style=\"text-align: justify;\"><strong>1. \u00bfQu\u00e9 son las cookies?<\/strong><\/p>\n<p>Las galletas o \u00abcookies\u00bb son archivos de texto que se descargan en el equipo terminal del usuario (ordenador, tableta, tel\u00e9fono m\u00f3vil &#8230;) y que se guardan en la memoria de su navegador. Los datos contenidos en las cookies podr\u00e1n ser analizadas por <strong>Alumni Espa\u00f1a<\/strong> para mejorar la usabilidad de las webs y ofrecer una informaci\u00f3n y unos servicios m\u00e1s personalizados.<\/p>\n<p style=\"text-align: justify;\">Los datos de navegaci\u00f3n recuperadas por las galletas son an\u00f3nimas y no se asocian a ninguna persona. La informaci\u00f3n personal deber\u00e1 ser facilitada en<strong> Alumni Espa\u00f1a<\/strong> de manera expl\u00edcita por el usuario.<\/p>\n<p style=\"text-align: justify;\">El usuario podr\u00e1 borrar o desactivar las cookies desde la configuraci\u00f3n de sus navegadores. En este caso, la p\u00e1gina web seguir\u00e1 siendo operativa, pero sin las ventajas de la personalizaci\u00f3n. Para m\u00e1s detalle sobre el uso, gesti\u00f3n y configuraci\u00f3n de las cookies desde los navegadores se recomienda consultar la web <a href=\"http:\/\/www.aboutcookies.org\">http:\/\/www.aboutcookies.org<\/a><\/p>\n<p style=\"text-align: justify;\"><strong>2. \u00bfQu\u00e9 tipo de galletas se utilizan en Alumni Espa\u00f1a?<\/strong><\/p>\n<ul>\n<li style=\"text-align: justify;\">Propias. Son galletas que se env\u00edan desde un equipo o dominio gestionado por <strong>Alumni Espa\u00f1a<\/strong> en el terminal del usuario.<\/li>\n<li style=\"text-align: justify;\">De terceros. Son galletas que se env\u00edan al terminal del usuario desde un equipo o dominio no gestionado ni controlado por <strong>Alumni Espa\u00f1a<\/strong>. En este caso se incluyen tambi\u00e9n las galletas que instaladas por <strong>Alumni Espa\u00f1a<\/strong> recopilan informaci\u00f3n gestionada por terceros. Las cookies de terceros pueden ser utilizadas para la medici\u00f3n y an\u00e1lisis del comportamiento de los usuarios con el objetivo de mejorar su experiencia en la web de Alumni Espa\u00f1a.<\/li>\n<li style=\"text-align: justify;\"><span style=\"text-align: justify;\">De sitios de terceros. En la web de <strong>Alumni Espa\u00f1a<\/strong> se insertan contenidos generados desde las redes sociales (Youtube, Twitter, Flickr &#8230;); existe la posibilidad de que estos sitios web sirvan galletas a sus usuarios. <strong>Alumni Espa\u00f1a<\/strong> no tiene control sobre la difusi\u00f3n y el uso de la informaci\u00f3n que estas redes sociales puedan recopilar con sus galletas y por ello recomienda que se consulte su pol\u00edtica de privacidad.<\/span><\/li>\n<\/ul>\n<p style=\"text-align: justify;\"><strong>3. \u00bfCu\u00e1les son las finalidades de las cookies que se utilizan en Alumni Espa\u00f1a?<\/strong><\/p>\n<p style=\"text-align: justify;\">Las finalidades de las cookies que se utilizan en Alumni Espa\u00f1a son:<\/p>\n<ul>\n<li>T\u00e9cnicas. El objetivo de este tipo de galletas es hacer posible que la navegaci\u00f3n por la p\u00e1gina sea satisfactoria. Este tipo de galletas permite que el sistema reconozca los usuarios que se hayan registrado y recordarles su nombre de usuario y contrase\u00f1a, entre otras funciones.<\/li>\n<li>De personalizaci\u00f3n. Estas galletas permiten que el usuario acceda a la web de <strong>Alumni Espa\u00f1a<\/strong> con algunas caracter\u00edsticas de car\u00e1cter general predefinidas como pueden ser el idioma, el navegador o la localizaci\u00f3n geogr\u00e1fica desde donde se accede al servicio. Esta informaci\u00f3n de los usuarios permite a Alumni Espa\u00f1a poder ofrecerles mejor servicio y m\u00e1s personalizado.<\/li>\n<li>Anal\u00edticas. Los datos an\u00f3nimas contenidas en estas cookies permiten la medici\u00f3n, el seguimiento y el estudio de la actividad de los usuarios a fin de incorporar mejoras en sitios web, aplicaciones y plataformas de <strong>Alumni Espa\u00f1a<\/strong>.<\/li>\n<li>Publicitarias. Estas galletas hacen posible la gesti\u00f3n de los espacios publicitarios bas\u00e1ndose en criterios como la edici\u00f3n de contenidos o los h\u00e1bitos de navegaci\u00f3n de los usuarios.<\/li>\n<\/ul>\n","protected":false},"excerpt":{"rendered":"<p>1. \u00bfQu\u00e9 son las cookies? Las galletas o \u00abcookies\u00bb son archivos de texto que se descargan en el equipo terminal del usuario (ordenador, tableta, tel\u00e9fono <a href=\"https:\/\/www.alumniespana.es\/nueva\/politica-de-galletas\/\" class=\"btn btn-link continue-link\">Seguir leyendo<\/a><\/p>\n","protected":false},"author":8,"featured_media":0,"parent":0,"menu_order":0,"comment_status":"closed","ping_status":"closed","template":"","meta":{"jetpack_post_was_ever_published":false,"footnotes":""},"class_list":["post-1052","page","type-page","status-publish","hentry"],"jetpack_sharing_enabled":true,"jetpack_shortlink":"https:\/\/wp.me\/PgqjCh-gY","jetpack-related-posts":[],"_links":{"self":[{"href":"https:\/\/www.alumniespana.es\/nueva\/wp-json\/wp\/v2\/pages\/1052","targetHints":{"allow":["GET"]}}],"collection":[{"href":"https:\/\/www.alumniespana.es\/nueva\/wp-json\/wp\/v2\/pages"}],"about":[{"href":"https:\/\/www.alumniespana.es\/nueva\/wp-json\/wp\/v2\/types\/page"}],"author":[{"embeddable":true,"href":"https:\/\/www.alumniespana.es\/nueva\/wp-json\/wp\/v2\/users\/8"}],"replies":[{"embeddable":true,"href":"https:\/\/www.alumniespana.es\/nueva\/wp-json\/wp\/v2\/comments?post=1052"}],"version-history":[{"count":0,"href":"https:\/\/www.alumniespana.es\/nueva\/wp-json\/wp\/v2\/pages\/1052\/revisions"}],"wp:attachment":[{"href":"https:\/\/www.alumniespana.es\/nueva\/wp-json\/wp\/v2\/media?parent=1052"}],"curies":[{"name":"wp","href":"https:\/\/api.w.org\/{rel}","templated":true}]}}